e
Is 69253224 a multiple of 191?
False
Does 3845 divide 15845245?
True
Is 770787446 a multiple of 2687?
True
Is 937993516 a multiple of 7946?
True
Is 207545429 a multiple of 167?
True
Is 3007660734 a multiple of 3726?
True
Does 82 divide 91749964?
True
Is 208 a factor of 17790399?
False
Is 1557 a factor of 3098815583?
False
Is 11 a factor of 129883512?
True
Is 910 a factor of 276310580?
True
Is 137 a factor of 62157820?
False
Does 103 divide 15817414?
False
Is 14297592 a multiple of 12?
True
Is 59567356 a multiple of 4?
True
Is 18 a factor of 1294543854?
True
Is 25489429 a multiple of 50?
False
Is 486716868 a multiple of 1101?
True
Is 133 a factor of 7405573?
True
Is 79674242 a multiple of 3778?
True
Is 10 a factor of 279612?
False
Does 20 divide 35444964?
False
Does 4 divide 311967748?
True
Is 303 a factor of 2537875278?
True
Is 3715 a factor of 657351819?
False
Does 42 divide 48576864?
True
Is 65 a factor of 122503541?
False
Is 177338276 a multiple of 574?
False
Does 666 divide 30051280?
False
Is 1902316 a multiple of 11?
False
Does 35 divide 619128650?
True
Is 5 a factor of 11368340?
True
Does 41 divide 3625784059?
False
Is 8631 a factor of 16804557?
True
Does 382 divide 152389905?
False
Is 62002147 a multiple of 21?
False
Is 136 a factor of 165599000?
False
Does 3340 divide 55750136?
False
Is 10892 a factor of 3782655487?
False
Is 113681464 a multiple of 52?
True
Is 34 a factor of 148310448?
True
Is 4610 a factor of 413627640?
True
Does 4644 divide 2024192663?
False
Is 151 a factor of 1645207949?
False
Does 37 divide 72833464?
True
Is 788396000 a multiple of 148?
True
Does 181 divide 178379301?
True
Is 18639259 a multiple of 2712?
False
Is 5 a factor of 45074805?
True
Is 367 a factor of 447658226?
False
Is 32595650 a multiple of 20?
False
Does 100 divide 14073900?
True
Does 85 divide 213763100?
True
Does 659 divide 5077936901?
False
Does 49 divide 641731?
False
Is 22075109 a multiple of 14?
False
Is 1781 a factor of 21265340?
False
Does 77 divide 865813795?
True
Is 257561530 a multiple of 737?
False
Is 38934215 a multiple of 115?
False
Is 128110098 a multiple of 1602?
False
Is 973 a factor of 168003458?
False
Is 138 a factor of 24822699?
False
Is 16 a factor of 240417433?
False
Is 60 a factor of 106962710?
False
Is 384942375 a multiple of 475?
True
Is 2385 a factor of 23747445?
True
Is 1207262809 a multiple of 269?
False
Is 1520 a factor of 83551360?
True
Does 531 divide 48888108?
True
Is 30350891 a multiple of 1805?
False
Is 40 a factor of 47678628?
False
Does 400 divide 29835200?
True
Does 540 divide 1692815344?
False
Does 90 divide 14924160?
True
Is 133133836 a multiple of 38?
True
Is 710962089 a multiple of 172?
False
Does 185 divide 70827262?
False
Is 62 a factor of 3372782153?
False
Does 1730 divide 56849530?
True
Is 365380337 a multiple of 21?
False
Does 20 divide 134764096?
False
Is 166496974 a multiple of 1710?
False
Is 56844630 a multiple of 6?
True
Is 69476708 a multiple of 641?
True
Does 2974 divide 160795258?
True
Is 25 a factor of 182629128?
False
Is 43 a factor of 52959955?
False
Is 2786328471 a multiple of 10727?
False
Does 152 divide 36572755?
False
Does 147 divide 70977480?
True
Does 871 divide 2770146?
False
Does 7 divide 24458070?
True
Is 41274772 a multiple of 638?
True
Is 40 a factor of 52302440?
True
Does 5 divide 30616741?
False
Is 2110 a factor of 472312950?
True
Does 162 divide 59332944?
False
Does 93 divide 1351310477?
False
Is 90 a factor of 4244102?
False
Is 2090977425 a multiple of 15?
True
Does 707 divide 212059701?
True
Is 123 a factor of 978453376?
False
Does 38 divide 1754412652?
True
Is 75320734 a multiple of 84?
False
Is 23100456 a multiple of 29?
False
Is 3 a factor of 77176939?
False
Does 33 divide 19586721?
True
Is 8 a factor of 168495872?
True
Is 52 a factor of 2025533380?
True
Is 23 a factor of 273200491?
False
Does 10 divide 10195580?
True
Is 1131 a factor of 2565106424?
False
Does 17 divide 412675500?
False
Is 41 a factor of 56856914?
True
Is 459374 a multiple of 2?
True
Is 198024795 a multiple of 19?
False
Is 7941470 a multiple of 3?
False
Is 22 a factor of 212229230?
False
Is 34969000 a multiple of 136?
True
Does 25 divide 1429822348?
False
Is 10143018 a multiple of 1062?
False
Is 146374876 a multiple of 2?
True
Does 34 divide 7159180?
False
Does 5 divide 673540233?
False
Does 82 divide 8260262?
False
Is 72846303 a multiple of 4?
False
Does 16 divide 317186944?
True
Is 1882567129 a multiple of 3542?
False
Is 627087694 a multiple of 297?
False
Does 147 divide 309877323?
True
Is 6410 a factor of 1149357529?
False
Is 16544 a factor of 4971365103?
False
Is 36 a factor of 120415702?
False
Is 8766208 a multiple of 352?
True
Is 170102524 a multiple of 1684?
True
Is 5911 a factor of 45242794?
True
Does 11 divide 442467308?
False
Is 120 a factor of 1641674280?
True
Is 152596399 a multiple of 6?
False
Is 1796628 a multiple of 285?
False
Is 16 a factor of 4641792?
True
Is 322560 a multiple of 80?
True
Is 2 a factor of 143689163?
False
Is 13 a factor of 25264949?
False
Does 1614 divide 495656?
False
Does 155 divide 41624630?
True
Is 78 a factor of 1349030226?
False
Is 5203317292 a multiple of 9306?
False
Is 55 a factor of 88410150?
False
Does 199 divide 89308581?
False
Is 643453702 a multiple of 1534?
False
Is 17 a factor of 107758069?
False
Does 322 divide 89694710?
True
Does 529 divide 24459224?
False
Is 721612626 a multiple of 966?
True
Does 3 divide 11945578?
False
Is 1633874 a multiple of 253?
True
Is 64392857 a multiple of 41?
False
Does 21 divide 3684002891?
False
Is 11 a factor of 511896182?
False
Does 212 divide 9792407?
False
Does 1367 divide 133357685?
True
Is 24262739 a multiple of 48?
False
Does 26 divide 1761135147?
False
Does 10 divide 24770780?
True
Is 213376479 a multiple of 86?
False
Is 34 a factor of 186901880?
False
Does 25 divide 62178125?
True
Does 6 divide 23609964?
True
Is 2019 a factor of 108103317?
True
Is 51401862 a multiple of 54?
False
Is 260722165 a multiple of 2035?
True
Does 183 divide 10790961?
True
Is 5887 a factor of 153108819?
False
Is 63 a factor of 542745?
True
Is 42248658 a multiple of 75?
False
Is 318 a factor of 6455839?
False
Does 608 divide 109758592?
True
Is 22 a factor of 16788156?
True
Is 8618684 even?
True
Is 14 a factor of 57117410?
True
Is 43633321 a multiple of 97?
False
Is 45197944 a multiple of 1096?
True
Is 88691743 a multiple of 61?
True
Is 589284886 a multiple of 2041?
False
Is 193 a factor of 26760658?
False
Is 69251310 a multiple of 18?
True
Is 65334648 a multiple of 123?
True
Is 22 a factor of 238420034?
False
Is 32841256 a multiple of 24?
False
Is 141235556 a multiple of 484?
True
Is 537 a factor of 1358843139?
False
Is 16 a factor of 2310829232?
True
Is 55496320 a multiple of 44?
True
Is 5428116720 a multiple of 4758?
True
Is 2839 a factor of 258442687?
True
Is 2701944 a multiple of 42?
True
Does 6324 divide 1663732674?
False
Is 963611360 a multiple of 2183?
False
Is 80517756 a multiple of 759?
True
Is 1197739170 a multiple of 45?
True
Is 3311168 a multiple of 8?
True
Is 883561230 a multiple of 17?
True
Does 548 divide 85345960?
False
Is 34413789 a multiple of 317?
False
Is 102021435 a multiple of 9?
True
Is 791 a factor of 3717922?
False
Is 26 a factor of 60146791?
False
Is 112647306 a multiple of 16?
False
Is 8331 a factor of 1912271387?
False
Is 57670578 a multiple of 41?
False
Is 4407 a factor of 137373238?
False
Is 45 a factor of 1665965070?
True
Does 188 divide 1696301843?
False
Is 31 a factor of 465142557?
False
Does 2949 divide 3019344788?
False
Is 625951055 a multiple of 600?
False
Does 1975 divide 48323125?
False
Is 11 a factor of 5662789?
True
Does 226 divide 1281794?
False
Does 39 divide 168410556?
False
Does 25 divide 92808525?
True
Is 20 a factor of 15658520?
True
Is 2797409112 a multiple of 688?
False
Is 4701 a factor of 761646618?
True
Is 485 a factor of 94836900?
True
Is 1371 a factor of 845934420?
True
Is 102 a factor of 4472757120?
True
Does 37 divide 467055773?
True
Does 39 divide 1159851803?
False
Is 213 a factor of 205341585?
True
Is 29 a factor of 958784170?
False
Is 30328884 a multiple of 409?
False
Is 106510916 a multiple of 17?
True
Is 3326022466 a multiple of 494?
True
Is 391462758 a multiple of 354?
True
Does 1968 d